 - 1200*z - 1394. Calculate the remainder when z is divided by 82.
0
Let v(t) = -24*t + 159. What is the remainder when 23 is divided by v(6)?
8
Let g(s) = 29*s**2 + 193*s - 10. What is the remainder when 899 is divided by g(-7)?
59
Suppose 0 = -5*p + 3*p + 2, -n + 20 = -2*p. Calculate the remainder when (-740)/5*1/(-4) is divided by n.
15
Suppose -24 = -58*a + 55*a. Suppose a - 11 = -3*m. What is the remainder when 4 is divided by m?
0
Let s(r) = 5*r + 8. Calculate the remainder when s(5) is divided by 18.
15
Suppose s - 2*s = -5. Suppose -122 = 4*c + 4*f - 182, 5*c - 74 = -4*f. What is the remainder when c is divided by s?
4
What is the remainder when 1039 is divided by ((-70)/(-14))/(28/26 - 1)?
64
Let o be (0 - -1)/(2/4). Suppose 3*s = -4*k + 4, 3*s - k + 3 - 2 = 0. Suppose 2*y - 4 = m, -5*y - m + 5 - o = s. What is the remainder when y is divided by 1?
0
Suppose -t + 5*d + 14 = -21, 3*t - d - 49 = 0. Suppose -2*f - 308 = -9*f. What is the remainder when f is divided by t?
14
Let w(l) = l**2 + 4*l - 30. Let j be w(-10). Let m = 37 - j. Let q(d) = -25*d + 1. What is the remainder when q(-1) is divided by m?
5
Let c = 798 - 793. What is the remainder when 8 is divided by c?
3
Let d(j) = 12*j**3 - j**2 + j. Let f be d(1). Let g be f/54 + 654/(-27). Let s = g - -36. What is the remainder when s is divided by 7?
5
What is the remainder when (-2)/(((-64)/(-11984))/(6/(-7))) is divided by 23?
22
Let c(k) = 8*k**2 - 2*k + 14. Let q(b) = -b**2 - b. Let g(l) = c(l) + 6*q(l). Calculate the remainder when g(6) is divided by 14.
10
Let h = 3 + 4. What is the remainder when (1 + 2)/(2/((-304)/(-24))) is divided by h?
5
Suppose 5*n - 29 = m, -5*n - m - 30 + 61 = 0. Let g = -1 - -1. Suppose 5*x + 2 = 3*c - g*x, x + 6 = 2*c. Calculate the remainder when n is divided by c.
2
Let f(x) = x + 6. Suppose 3*r + 2*y = 22, r - 10 = -y + 3*y. Let i = r + 2. Calculate the remainder when 46 is divided by f(i).
14
What is the remainder when 2/1 + 42*1 is divided by -5 - (12282/(-437) + 4/38)?
21
Suppose -121 = -5*k - 56. Let u(c) = c**3 + 10*c**2 + 7*c. Calculate the remainder when u(-7) is divided by k.
7
Let a be (-1 + 2)*(22 + -6). Suppose 4*d - 72 - a = 0. Suppose -19*g = -d*g + 18. Calculate the remainder when 16 is divided by g.
4
Let a = 1012 + -947. Calculate the remainder when 190 is divided by a.
60
Let t = 34 - 13. Let d = t + -17. What is the remainder when (-48)/(-5) - (-2)/5 is divided by d?
2
Let y = -232 - -1329. Calculate the remainder when y is divided by 55.
52
Let n(p) = -88*p + 107. Calculate the remainder when n(-4) is divided by 77.
74
Let k(d) = -1 - 4 + 78*d - 6 + 9. What is the remainder when k(1) is divided by 13?
11
Suppose 0 = 3*m - 98 - 34. Let g = m + -9. What is the remainder when 67 is divided by g?
32
Let v = -12 + 40. Let w = 1753 + -1587. Calculate the remainder when w is divided by v.
26
Let h = 614 + -376. Suppose -5*a - 95 = 4*m - 360, 4*a - 2*m - h = 0. Calculate the remainder when a is divided by 15.
12
What is the remainder when 34 is divided by -15*(-24)/(-18)*-1?
14
What is the remainder when 150 is divided by (-12)/(-18) - (-4 + (-424)/12)?
30
Let v = -75 - -127. Suppose 12 - 2 = -5*i, -5*s + 4*i = v. What is the remainder when 4/s + (-498)/(-9) is divided by 19?
17
Let q(x) = -x**3 + 26*x**2 - 88*x + 32. Let z(l) = 13*l + 6. Calculate the remainder when z(9) is divided by q(22).
27
Suppose 52*c - 32*c = 14840. Calculate the remainder when c is divided by 124.
122
Let j(o) = o**2 - 45*o + 337. Calculate the remainder when j(39) is divided by 31.
10
Let j = -6 - -10. Suppose j*h - 216 = -0*h. Suppose -h = -6*x + 3*x. What is the remainder when 34 is divided by x?
16
Suppose 7*b - 6 + 34 = 0. Calculate the remainder when 0 + (45 - (0 - b)) is divided by 14.
13
Let g(y) = 21*y - 1. Let j = 8327 + -8295. Calculate the remainder when g(3) is divided by j.
30
Let g(d) = d**3 + 2*d**2 - 4*d + 43. Calculate the remainder when 115 is divided by g(0).
29
Suppose 13*m - 18*m = -g - 235, 0 = m - 5*g - 23. What is the remainder when m is divided by 35?
13
Let k(s) = 4*s - 97. What is the remainder when 96 is divided by k(26)?
5
Let j(a) = 4*a - 1. Let u be j(-6). Let b = 43 + u. Calculate the remainder when (-12)/8*1960/(-42) is divided by b.
16
Let n(g) = 2*g**3 + 16*g**2 - 11*g + 3. Calculate the remainder when 180 is divided by n(-8).
89
Let d = -172 - -179. Calculate the remainder when 167 is divided by d.
6
Suppose -3*p = -74 + 32. Suppose 0*v = -4*k - v + 110, 4*k - 104 = 2*v. What is the remainder when k is divided by p?
13
Let i be (-64)/(-28) - (-2)/(-7). Suppose k - i = 11. Calculate the remainder when 37 is divided by k.
11
Suppose -5*m = -x - 48, -5*x + 3 + 57 = 5*m. Calculate the remainder when ((-20)/3)/(2/(-6)) is divided by m.
0
Let y(m) = -5*m - 8. Suppose 4*q - 4*z = -8, -8 = 3*q - 0*z - 5*z. What is the remainder when y(-8) is divided by 1/(-1 + q)*-36?
14
Suppose 0 = 21*w - 31*w + 180. Suppose 0 = -2*m - w + 26. Suppose 2*g = -k + 5, 5*k + 3*g - 36 = 4*g. What is the remainder when k is divided by m?
3
Suppose -2 = -5*b + 33. What is the remainder when (4354/90 - (-114)/(-190)) + (-2)/(-9) is divided by b?
6
Let z = -182 - -208. What is the remainder when 143 is divided by z?
13
Let c = 709 + -678. What is the remainder when 95 is divided by c?
2
Suppose 5*u - 3*u - 14 = -s, 2*s + 3*u = 25. Suppose -16 = -5*b + q, 3*b - q - 8 = 2. Let w(c) = 2*c + 15. What is the remainder when w(b) is divided by s?
5
Suppose -l = -3*l - 2*q - 6, -2*l = -4*q. Let j = -2 - l. Let x(u) = u**3 - u**2 + 61. What is the remainder when x(j) is divided by 32?
29
Suppose 21*k + 180 = 25*k - 2*t, -4*t - 172 = -4*k. What is the remainder when 117 is divided by k?
23
Let l(c) be the third derivative of -c**4/24 + 31*c**3/6 - 16*c**2. What is the remainder when 37 is divided by l(11)?
17
Suppose -2*w = 2*w - 120. Calculate the remainder when w is divided by 11/(792/584) + (-2)/18.
6
Let q = 36 + -46. What is the remainder when 13 is divided by ((-7)/(-5))/(q/(-50))?
6
Let u(l) = -43*l + 46. Suppose 0 = -4*w + 3*x + 56, -4*x + 12 = -7*x. Calculate the remainder when w is divided by u(1).
2
Suppose 2*l + 106 = 3*b, -6*b + 8*b - 77 = -5*l. What is the remainder when 177 is divided by b?
33
Let h(p) = -p - 6. Let z be h(-16). Suppose z*f = 15*f - 185. What is the remainder when 147 is divided by f?
36
Calculate the remainder when ((-2)/6)/((-5)/2430) is divided by 38.
10
Suppose 10*i - 4*i - 330 = 0. What is the remainder when 218 is divided by i?
53
Calculate the remainder when 142 is divided by (-90)/(-180) + 2*(-9)/(-4).
2
Let o be -2 + 3*146/(-6). Let c = 130 + o. Calculate the remainder when c is divided by 28.
27
Let x be (-2)/(-11) + 3008/(-88). Let y = x - -48. Suppose 0*s - y = -s. What is the remainder when 41 is divided by s?
13
Let p = 2107 + -2081. Calculate the remainder when 76 is divided by p.
24
Let q(o) = -6*o**2 + o**3 - 10 + o**2 + 12. Let c be q(5). Suppose c*l = 30 + 80. What is the remainder when l is divided by 28?
27
Let r(n) = -3*n**3 - n**2 - n. Suppose -4 + 0 = -2*p, 5*p - 8 = -t. Calculate the remainder when r(t) is divided by 5.
2
Suppose 0 = 5*s + 5*c - 35, 6*s - 2*s - 4*c = 20. What is the remainder when (4/((-16)/s))/(2/(-212)) is divided by 16?
15
Let u(d) = -9*d + 74. Calculate the remainder when 63 is divided by u(7).
8
Let f = 105 - 29. What is the remainder when f is divided by 21?
13
Let w = 18 - -11. Suppose 0 = 3*h - 102 - 60. What is the remainder when h is divided by w?
25
Suppose 0 = -5*b - 14 - 1, -3*b = 4*x + 9. Let l(k) = -k**2 - 5*k + 7. Let v be l(-6). Calculate the remainder when 38 - v/2*x is divided by 20.
18
Let p = -12 + 58. Let l(i) = 2*i - 58. What is the remainder when p is divided by l(35)?
10
Let a = 158 - 94. Let c = a + -42. Calculate the remainder when 108 is divided by c.
20
Suppose -4*h = 16 - 44. Let m = 13 - h. Let a(q) = 4*q**2 - 8*q - 4. What is the remainder when a(m) is divided by 31?
30
Suppose 13*n = 2622 - 438. What is the remainder when n is divided by 34?
32
Let v(w) = -w**2 + 7*w + 4. Suppose -64*j = -70*j + 288. Calculate the remainder when j is divided by v(6).
8
Suppose -3*u + 11 - 2 = a, -2*a - 2*u = -26. Suppose -165 + 0 = -a*d. What is the remainder when 34 is div